 = -77 - 15. What is the units digit of 0/3 + (-4 - k)?
8
Let z(h) = -5*h**2 - 5*h + 7. Let m be z(-5). Let k(s) = 2*s**3 + 20*s**2 + 25*s + 26. Let o be k(-7). Let n = o + m. What is the units digit of n?
2
Suppose r + 200 = -148. Let d = -230 - r. What is the tens digit of d?
1
Suppose 2*q - 3 = q. Suppose -3*f - q*z + 19 = 1, 0 = -3*f + 4*z - 3. What is the units digit of f?
3
Suppose u - 11*u + 650 = 0. What is the tens digit of u?
6
Suppose 3*w - 5 = 4*w. Let i(y) = y - 5*y + 8*y + 6*y**2 + y**3. What is the units digit of i(w)?
5
Suppose -5*m + 1424 = 2*c, -4*c - 615 + 31 = -2*m. What is the units digit of m?
6
Suppose 16*s + 336 = 24*s. Suppose -35*c + s*c = 1659. What is the units digit of c?
7
Let g = 1747 - 1242. Suppose -g = -4*u + 91. What is the hundreds digit of u?
1
Let y = -7 - -2. Let f(p) = 7*p**2 + 10*p - 6. What is the units digit of f(y)?
9
Let p be -2 + 7 + (-1 - -2). Suppose 3*y - 36 = 5*j, p*j = -4*y + 7*j + 65. What is the units digit of y?
7
Let s = 1567 + -641. What is the tens digit of s?
2
Let p(y) = -y**2 + 8*y - 5. Let l be p(7). Suppose -4*o = -3*d + 100, -7*d + 50 = -l*o - 2*d. Let c = -18 - o. What is the units digit of c?
7
Let d be (0*(-2)/4)/2. Suppose 4*s = -3*a + 494, d*s - 3*s - 2*a = -370. Suppose -3*f = -j + 36, -3*f - s - 22 = -4*j. What is the units digit of j?
6
What is the thousands digit of 34/(((-42)/4221)/(2/(-3)))?
2
Let p be ((-14)/3)/(-7)*3. Suppose -p*w - 3*l - 3 = w, -5*l = -5*w - 55. What is the tens digit of (w/2 - -30) + -3?
2
Let z(m) = -m**2 - 9*m - 12. Suppose 0 = 3*d + 11 + 13. Let p be z(d). What is the units digit of 3/((-3)/132*p)?
3
Let m(b) = -19*b**3 + 6*b**2 - 9*b + 6. Let r be m(3). Let f = -253 - r. What is the hundreds digit of f?
2
Let c be 3/(-5) + 46/10. Let r(z) = -2 + c + 6 - z. What is the units digit of r(7)?
1
Suppose -52*z - 4512 = -54*z + 2*s, -4*z = 2*s - 9000. What is the tens digit of z?
5
Suppose 0*o - d = 5*o - 1905, 4*d = o - 360. What is the tens digit of o?
8
Suppose 4317 = 5*b + m, m + 2*m = 2*b - 1737. What is the tens digit of b?
6
Suppose 0 = 5*o + 10, -8*h + 3*o - 11298 = -12*h. What is the hundreds digit of h?
8
Let u = 52 + -52. Let d = 72 - 29. Suppose w = -u*n + n - d, -2*w - 48 = -n. What is the tens digit of n?
3
Let g(l) = 14*l**2 + 2*l - 2. What is the tens digit of g(2)?
5
What is the thousands digit of 1518 - 21/((-63)/(-24))?
1
Let x(s) = -s**2 - 5*s - 5. Let k be x(-4). Let o be (9/12)/(k/(-104)). Suppose 0 = 2*z - o + 22. What is the units digit of z?
8
Let q(p) = 23*p**2 + 130. What is the hundreds digit of q(10)?
4
Suppose 2*j = 7*j - 90. Let m = 18 + -31. Let x = m + j. What is the units digit of x?
5
Let s(r) = 102*r + 72. What is the hundreds digit of s(5)?
5
Let y(j) = -j**2 - 10*j + 2. Let m be y(-12). Let k be m/4 + 5/10. Let v(u) = -3*u + 7. What is the tens digit of v(k)?
2
Suppose 2*k = -3*k - p - 8, -2*k - 17 = 5*p. Let i be k*18/(3/(-1)). Suppose 10 = 8*l - i*l. What is the units digit of l?
5
What is the tens digit of 3/2 - 10488/(-16)?
5
Let h = -224 + 467. What is the tens digit of h?
4
Let f = -2203 - -3116. What is the hundreds digit of f?
9
Suppose -2*i + 55*q = 54*q - 122, 0 = -4*i - 2*q + 260. What is the units digit of i?
3
Suppose -3*c + 11786 = 2702. What is the thousands digit of c?
3
Let k = 76 + 143. What is the units digit of k?
9
Let v be ((-2)/6)/(1/(-24)). Let l = -4 + v. Suppose -r + l*c + 14 = 0, 5*r + c + 2*c = 185. What is the units digit of r?
4
Suppose 6*y + 72 - 36 = 0. Let n(v) = -2*v**3 - 7*v**2 - 8*v - 2. What is the hundreds digit of n(y)?
2
Let f(v) = -v**3 - v + 379. What is the hundreds digit of f(0)?
3
Suppose 67 = -6*o - 77. Let r = 48 + o. Suppose r = 4*v - 64. What is the tens digit of v?
2
Let l be 4 + -8 + 10 - 6. Let c(b) = 2*b**2 + b - 28. Let t(f) = -3*f**2 - f + 28. Let o(m) = -4*c(m) - 3*t(m). What is the tens digit of o(l)?
2
Let y be 1/2*(-58 + 68). Let r(z) = 21*z**3 - z**2 + 1. Let i be r(1). Suppose n + y = i. What is the units digit of n?
6
Suppose -16 = t + t. Let d be t/(-4 + 5 + -3). Suppose 5*z = z + 4*w + 4, 0 = d*w - 20. What is the units digit of z?
6
Let f = -66 - -57. What is the units digit of ((-54)/(-1))/((-6)/f)?
1
Let o(q) = 2372*q**2 + 4*q - 5. What is the hundreds digit of o(1)?
3
Let u(j) = -2*j**3 + 3*j**2 - 2. Let i be u(1). Let v be i/(-2) - 1195/(-10). Suppose -v = t - 4*t. What is the tens digit of t?
4
Let b(j) = 22*j**3 + 2*j**2 + 1. What is the tens digit of b(2)?
8
Suppose f + 6*i - 5*i - 182 = 0, 924 = 5*f - 2*i. What is the units digit of f?
4
Suppose 9*m - 13 = 5. Suppose -569 = -5*o - 4*n, o - 3*o + m*n + 224 = 0. What is the hundreds digit of o?
1
Suppose -3*b - 5*v + 1967 = 0, -13*b - 1320 = -15*b + v. What is the tens digit of b?
5
What is the units digit of 4044/27 + (-20)/(-90)?
0
Let j(f) = -2*f**2 - 12*f + 2. Let q be j(-6). Let i(t) = q + 2 + t**2 - 5. What is the units digit of i(5)?
4
What is the thousands digit of (-8 - -2) + -5 + 4235?
4
Suppose 4*c - 24 + 8 = 0. Suppose 7*z - 2*z = 3*m + 158, 4*m = -c. What is the tens digit of z?
3
Suppose -3754 = -6*j + 1580. What is the hundreds digit of j?
8
Let n(v) = v**3 - 7*v**2 - 4*v - 4. Let u be n(6). Let l = u - -145. Let i = -44 + l. What is the units digit of i?
7
Suppose 0 = 4*f - 0*h - 4*h - 16, 4*h + 6 = -f. Suppose 38 = 2*j - j + f*i, 4*j - 2*i = 102. What is the units digit of j?
8
Let r = 1208 + -645. What is the units digit of r?
3
Let r = -302 - -1558. What is the tens digit of r?
5
Suppose 0*i + 2780 = 2*i - 4*a, -5*i + 6926 = -2*a. What is the units digit of i?
4
Suppose i + 1018 + 237 = 5*c, -2*c - 4*i + 480 = 0. What is the hundreds digit of c?
2
What is the tens digit of (0 + -103)/(14/(-56))?
1
Let q be 2/(7/(35/(-10))). What is the tens digit of 34/(2/q)*(4 - 6)?
3
Suppose -4 = 4*d, 267 = 17*y - 15*y + 3*d. What is the tens digit of y?
3
Let v(t) = -25*t - 41. Let h(j) = 13*j + 20. Let l(s) = -7*h(s) - 3*v(s). What is the units digit of l(-8)?
1
Suppose 4806 + 3738 = 6*d. What is the tens digit of d?
2
Suppose 2*u - 24 = 4*b + 12, -3*u + 14 = 2*b. Suppose -u*k + 372 + 212 = 0. What is the tens digit of k?
7
Suppose -3*y - 3*z + 29 = -4*z, y = -5*z - 1. Let c be 3/3 + y/3. What is the units digit of (-1)/((-4 - -2)/c)?
2
What is the tens digit of 1332954/745 - 2*(-2)/5?
9
Let t = -151 + 328. Suppose -3*z - 263 = 97. Let x = z + t. What is the units digit of x?
7
Suppose -3 = -z - 4. Let v be (-24)/(-20)*z*5. What is the units digit of -9*(-1 - 4/v)?
3
Let p = 41 - 37. Suppose 0 = 5*v + 2*t - 465, 5*v - 6*t = -p*t + 445. What is the units digit of v?
1
Suppose -3*u + 47 = -5*o - 36, 3*o - 72 = -4*u. Suppose -2*w + u = 5*n, n = -0*n + w. Let c(q) = -q**2 + 5*q - 3. What is the units digit of c(n)?
3
Suppose f + 20 = 4*y + 5*f, -5*f + 25 = -4*y. Let j = 269 + -267. Suppose -l + j*l - 19 = y. What is the units digit of l?
9
Suppose z - 123 = -4*g, 0*z = -5*g + z + 147. What is the units digit of ((-7)/4)/((g/(-72))/5)?
1
Suppose 4*f = 5*c + 68, 2*f = c + 19 + 15. Let u = f + -25. What is the tens digit of u/24*(-40 + 1)?
1
Let u(d) = d**2 + 20*d + 46. Let n be u(-17). Let o(v) = -3*v**2 + 6*v + 7 - v**3 + 2*v - 2*v. What is the units digit of o(n)?
7
Let z be 1/(-1 + (-3)/(-2)). Suppose 4 = z*b - 20. What is the tens digit of b?
1
Let a be ((-16)/(-6))/(14/42). Let u = a - 11. What is the tens digit of u/(2 + 220/(-104))?
2
Let a(l) = -4*l**2 - 2*l + l**3 - 4*l + 9 - 2*l. Suppose -22*d + 34*d = 72. What is the tens digit of a(d)?
3
What is the hundreds digit of (95/(-15) + 6)*-348?
1
Let y(a) = a**2. Let d(z) = -7*z**2 + 3*z + 6. Let g(j) = -d(j) - 2*y(j). What is the tens digit of g(-3)?
4
Suppose 257 + 232 = 3*x. What is the tens digit of x?
6
Suppose 3*f - 4*f = 0. Let w be 7 + -11 + f + 3. Let q(v) = -30*v**3 - 2*v**2 + 1. What is the tens digit of q(w)?
2
Let c be (-3 - -58) + (2 - 1). Suppose 4*z - 360 = -48. Suppose x = 5*s + c, 3*x + 0*s - z = -3*s. What is the units digit of x?
1
Let g(b) = -b**3 + 37*b**2 + 5*b + 110. What is the tens digit of g(35)?
3
Suppose 3*d = 21 + 57. Suppose -q + 10 = -d. Suppose 4*g = 3*g + q. What is the tens digit of g?
3
Let b(l) = 2*l**2 - l + 28. What is the hundreds digit of b(-12)?
3
Let z(r) = 2*r + 6. Let k be z(-4). Suppose 2*n 